 13?
-105921a
What is -626053 (base 7) in base 4?
-122103130
Convert -2359444 (base 11) to base 5.
-2023040431
Convert -1186179 (base 11) to base 6.
-112035245
What is -4ef34 (base 16) in base 8?
-1167464
What is -13445977 (base 10) in base 5?
-11420232402
-60549 (base 14) to base 13
-8150b
-3604603 (base 10) to base 6
-205131551
What is 2633640 (base 7) in base 16?
54276
Convert 2304020 (base 5) to base 15.
c2c5
What is 173374 (base 12) in base 10?
399688
What is -18540c3 (base 13) in base 4?
-132110221221
Convert 264036b (base 13) to base 5.
11032334331
Convert -32602051 (base 7) to base 14.
-5311d1
-3212425 (base 6) to base 7
-1223630
-4054546 (base 8) to base 6
-34544250
What is -2fc5ec (base 16) in base 7?
-35416605
Convert -1500536 (base 7) to base 5.
-22430311
What is -10111101110110001100011 (base 2) in base 11?
-3569943
Convert 13657525 (base 8) to base 16.
2f5f55
What is 33a00 (base 12) in base 2?
10000110011100000
Convert -ca46c (base 16) to base 15.
-11574e
Convert 102012020010222 (base 3) to base 8.
26542513
Convert 1421968 (base 11) to base 15.
3352e6
3b619b (base 12) to base 4
3300202013
-758915 (base 11) to base 5
-302243230
What is 535e9 (base 16) in base 14?
8c637
-50551 (base 7) to base 3
-121212001
483643 (base 15) to base 5
1341012123
What is -b45ec (base 15) in base 6?
-20130510
What is 3416134 (base 11) in base 4?
112310113220
What is -420123 (base 6) in base 2?
-1000001111010011
What is 11ce4e (base 15) in base 6?
30144232
What is 11000010011100000 (base 2) in base 3?
12001120010
121444422 (base 5) to base 8
2151100
What is -11111101110100111011 (base 2) in base 11?
-65013a
What is 3b2354 (base 16) in base 7?
44641216
Convert 214440 (base 9) to base 12.
62053
What is 7043b6 (base 15) in base 16?
515433
Convert 44870 (base 16) to base 6.
10003252
99c51 (base 13) to base 9
464536
Convert 1011111000000100100 (base 2) to base 12.
169258
Convert 211000212212 (base 3) to base 12.
18ab72
Convert -755237 (base 8) to base 5.
-31040300
Convert -355880 (base 13) to base 4.
-10311312011
124365306 (base 7) to base 9
15855200
Convert -7653 (base 12) to base 14.
-4a63
Convert 30310414 (base 5) to base 9.
412328
Convert -11201221021 (base 3) to base 6.
-1555441
What is 11110101001100101 (base 2) in base 14?
33a73
What is -24284c (base 15) in base 3?
-10020212221100
What is 2132131310 (base 4) in base 8?
2363564
-1b07b96 (base 13) to base 16
-883c89
-152ab13 (base 12) to base 14
-7d983d
What is 13320412 (base 5) in base 2?
100001001000110100
Convert 5721887 (base 11) to base 14.
148a646
55681 (base 11) to base 15
18d85
Convert -1227621 (base 8) to base 2.
-1010010111110010001
Convert -4c8ac (base 13) to base 7.
-1131202
-1314814 (base 10) to base 9
-2423524
2f65b (base 16) to base 10
194139
What is 161818 (base 9) in base 4?
120113201
204028 (base 10) to base 13
71b36
Convert 220022010101 (base 3) to base 15.
96aca
Convert -32000310112 (base 4) to base 16.
-380d16
1640d5 (base 16) to base 15
1dc1ae
Convert -2116360 (base 7) to base 10.
-256753
What is 2122200212 (base 3) in base 6?
1041552
What is 542867 (base 10) in base 6?
15345135
What is -1a7d82 (base 15) in base 5?
-312323142
3501251 (base 7) to base 4
1222303103
What is -206372 (base 10) in base 13?
-72c1a
Convert 4dc20 (base 14) to base 3.
100201222121
-b6ab3 (base 13) to base 15
-6780e
What is -e5d18 (base 16) in base 5?
-220110321
What is 2886b6 (base 12) in base 8?
2454752
-939200 (base 13) to base 7
-41205551
-313067 (base 13) to base 14
-21caba
Convert 265835 (base 13) to base 5.
214120313
-12544 (base 9) to base 4
-2010100
-346260 (base 7) to base 6
-1200023
What is -35853 (base 14) in base 9?
-218141
123033041 (base 6) to base 2
1001000110000010010001
Convert -11000101011000001011111 (base 2) to base 3.
-110011120222200
-1100100011000100111100 (base 2) to base 7
-36650046
58a62c (base 13) to base 11
120a831
-33060606 (base 7) to base 4
-22310330022
-10355245 (base 7) to base 12
-369947
-3121477 (base 10) to base 9
-5776767
Convert -16675 (base 9) to base 3.
-120202112
What is a6134a (base 12) in base 5?
1132134304
Convert 1d7e2 (base 16) to base 15.
25bd7
What is 10001010010100101111 (base 2) in base 13?
16ab69
What is -123106 (base 7) in base 9?
-34114
-185059 (base 10) to base 2
-101101001011100011
What is 124503510 (base 6) in base 7?
26646666
1442 (base 16) to base 10
5186
22112102002 (base 3) to base 5
20333334
What is 42322330 (base 5) in base 8?
1264633
Convert 1104263 (base 7) to base 2.
100001001100100011
What is 1895422 (base 11) in base 14?
5d3acd
Convert 1176048 (base 12) to base 9.
6336662
-313010320 (base 4) to base 14
-5c2da
103e2 (base 16) to base 9
111232
32aa7b (base 13) to base 15
18900d
Convert -6163519 (base 10) to base 16.
-5e0c3f
-303403302 (base 5) to base 7
-13316653
-135213434 (base 6) to base 8
-12442676
1000100111001100100101 (base 2) to base 13
610824
Convert -68079 (base 12) to base 4.
-201301131
What is -103441124 (base 6) in base 8?
-7051214
81282 (base 10) to base 9
133443
-752410 (base 9) to base 12
-197283
905a96 (base 11) to base 7
15250031
What is -84952 (base 10) in base 16?
-14bd8
144154040 (base 6) to base 15
3e4353
What is -1303102223 (base 4) in base 15?
-94dc5
What is 6765075 (base 8) in base 5?
432020222
-263012614 (base 7) to base 4
-1000030030333
-223123233 (base 5) to base 16
-f1809
What is 15425612 (base 7) in base 4?
11222300030
What is -1003175 (base 8) in base 3?
-111101212120
What is 111110000001 (base 2) in base 8?
7601
What is 311002203 (base 5) in base 13?
354291
-a1a751 (base 13) to base 11
-2141534
Convert -7155 (base 13) to base 14.
-5998
What is -261474 (base 9) in base 2?
-100110101101111000
Convert -10407312 (base 9) to base 16.
-4cab0a
What is -3ba20 (base 13) in base 11?
-76904
What is -d6ba2 (base 14) in base 11?
-324344
Convert a8187 (base 11) to base 13.
56780
-52b239 (base 12) to base 2
-100111110100110001101
Convert -11122034040 (base 5) to base 14.
-18c2354
Convert 5a64c (base 16) to base 3.
200210220001
c89832 (base 13) to base 16
47cb92
Convert -54d244 (base 14) to base 4.
-22332312330
Convert -a9a223 (base 11) to base 15.
-24a3c1
20202222002022 (base 3) to base 12
1258122
What is -10430467 (base 8) in base 2?
-1000100011000100110111
112022323 (base 4) to base 2
10110001010111011
What is 19b (base 15) in base 3?
111202
What is -21030303 (base 4) in base 5?
-2201213
Convert 42022 (base 9) to base 2.
110110001001010
102100011221 (base 3) to base 11
142776
Convert -200301033 (base 4) to base 7.
-1066215
What is c6330 (base 14) in base 13?
1397bb
What is 242040433 (base 5) in base 16?
1134c2
What is 94918 (base 14) in base 16?
5786a
What is -7934a8 (base 12) in base 7?
-22304315
1744476 (base 10) to base 3
10021121222020
-248157 (base 11) to base 15
-7aeec
What is 1950968 (base 10) in base 3?
10200010020002
Convert 1010414 (base 6) to base 12.
23a0a
-22313123 (base 4) to base 7
-243521
Convert -101222011200102 (base 3) to base 10.
-5829581
Convert -108907 (base 10) to base 9.
-175347
120101220101 (base 3) to base 6
10255401
2066007 (base 11) to base 5
1412421321
What is 1260201 (base 7) in base 12?
7bb20
Convert 201020012001 (base 3) to base 14.
9bd0b
What is 1296 (base 15) in base 6?
30210
-1835705 (base 9) to base 8
-3727225
What is 11433344 (base 6) in base 12?
155854
Convert 41243052 (base 7) to base 14.
65d729
-64601402 (base 7) to base 16
-542015
What is 6a3aa (base 11) in base 2?
11000110100000111
Convert -212320000 (base 5) to base 4.
-3130002002
Convert 33021543 (base 6) to base 7.
11232165
32401131 (base 6) to base 2
11101011011110001111
What is -80bc29 (base 14) in base 12?
-1550939
Convert -74aa76 (base 15) to base 2.
-10101001100000000111100
What is 184261 (base 12) in base 3?
210102212101
What is -9867a7 (base 11) in base 3?
-2222001020020
Convert 257831 (base 10) to base 2.
111110111100100111
What is -30cb60 (base 14) in base 10?
-1648640
Convert -1122010020221 (base 3) to base 10.
-868426
-1575406 (base 8) to base 7
-3613520
2243155 (base 6) to base 16
1c04f
What is -3012322331 (base 4) in base 6?
-25244045
What is 1036225 (base 7) in base 2?
11111000000110011
Convert 26bb11 (base 14) to base 11.
8346a8
What is -145612 (base 9) in base 4?
-111311123
Convert 21101021011 (base 3) to base 